{"id":1034,"date":"2025-10-27T10:19:38","date_gmt":"2025-10-27T08:19:38","guid":{"rendered":"https:\/\/ccdfocsani.ro\/?page_id=1034"},"modified":"2025-11-03T18:07:29","modified_gmt":"2025-11-03T16:07:29","slug":"legislatie-2","status":"publish","type":"page","link":"https:\/\/ccdfocsani.ro\/index.php\/legislatie-2\/","title":{"rendered":"Legisla\u021bie"},"content":{"rendered":"\t\t<div data-elementor-type=\"wp-page\" data-elementor-id=\"1034\" class=\"elementor elementor-1034\">\n\t\t\t\t<div class=\"elementor-element elementor-element-a0d8e7c e-grid e-con-boxed e-con e-parent\" data-id=\"a0d8e7c\" data-element_type=\"container\">\n\t\t\t\t\t<div class=\"e-con-inner\">\n\t\t\t\t<div class=\"elementor-element elementor-element-9a57cba elementor-widget elementor-widget-text-editor\" data-id=\"9a57cba\" data-element_type=\"widget\" data-widget_type=\"text-editor.default\">\n\t\t\t\t<div class=\"elementor-widget-container\">\n\t\t\t\t\t\t\t\t\t<p>Formarea continu\u0103 a cadrelor didactice cuprinde dezvoltarea profesional\u0103 \u0219i evolu\u021bia \u00een carier\u0103.<\/p>\n<p><em>\u201d<\/em><span style=\"color: #00102e; font-size: 20px;\">Profesorii din \u00eenv\u0103\u021b\u0103m\u00e2ntul preuniversitar vor fi obliga\u021bi, \u00eencep\u00e2nd cu anul \u0219colar 2025-2026, s\u0103 acumuleze minimum 15 credite ECTS la fiecare 5 ani \u0219colari de activitate la catedr\u0103, potrivit noii metodologii-cadru adoptate prin Ordinul ministrului Educa\u021biei \u0219i Cercet\u0103rii (OMEC) nr. 3.986\/2025.<\/span><em>\u201d<\/em> &#8211; edu.ro<\/p>\n<ul>\n<li><a href=\"https:\/\/drive.google.com\/drive\/folders\/1ictQT82wVhNSAuTvocZ46WpeGCH6Gk78\" target=\"_blank\" rel=\"noopener\">PROCEDUR\u0102 SPECIFIC\u0102 privind implementarea programelor pentru dezvoltare \u00een cariera didactic\u0103<\/a><\/li>\n<li><a href=\"https:\/\/drive.google.com\/drive\/folders\/1ictQT82wVhNSAuTvocZ46WpeGCH6Gk78\" target=\"_blank\" rel=\"noopener\">ANEXE_1-5_Procedura<\/a><\/li>\n<li><a href=\"https:\/\/drive.google.com\/drive\/folders\/1ictQT82wVhNSAuTvocZ46WpeGCH6Gk78\" target=\"_blank\" rel=\"noopener\">PROCEDUR\u0102 SPECIFIC\u0102 privind opera\u021bionalizarea reglement\u0103rilor metodologice aplicabile pentru verificarea \u00eendeplinirii condi\u0163iei de formare \u00een cariera didactic\u0103<\/a><\/li>\n<li><a href=\"https:\/\/drive.google.com\/drive\/folders\/1ictQT82wVhNSAuTvocZ46WpeGCH6Gk78\" target=\"_blank\" rel=\"noopener\">Registrul na\u0163ional al programelor pentru dezvoltare profesional\u0103 continu\u0103 acreditate<\/a><\/li>\n<li><a href=\"https:\/\/drive.google.com\/drive\/folders\/1ictQT82wVhNSAuTvocZ46WpeGCH6Gk78\" target=\"_blank\" rel=\"noopener\">LISTA PROGRAMELOR COMPLEMENTARE NA\u021aIONALE<\/a><\/li>\n<li><a href=\"https:\/\/drive.google.com\/drive\/folders\/1ictQT82wVhNSAuTvocZ46WpeGCH6Gk78\" target=\"_blank\" rel=\"noopener\">Anexe 1-6 la Procedura specific\u0103 nr. 30271\/20.08.2025<\/a><\/li>\n<li><a href=\"https:\/\/drive.google.com\/drive\/folders\/1ictQT82wVhNSAuTvocZ46WpeGCH6Gk78\" target=\"_blank\" rel=\"noopener\">PROCEDUR\u0102 SPECIFIC\u0102 privind recunoa\u0219terea \u0219i echivalarea \u00een credite ECTS a competen\u0163elor dob\u00e2ndite \u00een cadrul programelor pentru dezvoltare \u00een cariera didactic\u0103 de abilitare func\u0163ional\u0103 \u0219i programelor asimilate acestora<\/a><\/li>\n<li><a href=\"https:\/\/drive.google.com\/drive\/folders\/1ictQT82wVhNSAuTvocZ46WpeGCH6Gk78\" target=\"_blank\" rel=\"noopener\">ORDIN pentru aprobarea Metodologiei-cadru privind tipul programelor pentru dezvoltare \u00een cariera didactic\u0103, asigurarea calit\u0103\u021bii programelor \u0219i sistemul de acumulare a creditelor ECTS pentru cadrele didactice din \u00eenv\u0103\u021b\u0103m\u00e2ntul preuniversitar<\/a><\/li><\/ul>\t\t\t\t\t\t\t\t<\/div>\n\t\t\t\t<\/div>\n\t\t\t\t\t<\/div>\n\t\t\t\t<\/div>\n\t\t\t\t<\/div>\n\t\t","protected":false},"excerpt":{"rendered":"<p>Formarea continu\u0103 a cadrelor didactice cuprinde dezvoltarea profesional\u0103 \u0219i evolu\u021bia \u00een carier\u0103. \u201dProfesorii din \u00eenv\u0103\u021b\u0103m\u00e2ntul preuniversitar vor fi obliga\u021bi, \u00eencep\u00e2nd cu anul [&hellip;]<\/p>\n","protected":false},"author":2,"featured_media":0,"parent":0,"menu_order":0,"comment_status":"closed","ping_status":"closed","template":"","meta":{"footnotes":""},"class_list":["post-1034","page","type-page","status-publish","hentry"],"_links":{"self":[{"href":"https:\/\/ccdfocsani.ro\/index.php\/wp-json\/wp\/v2\/pages\/1034","targetHints":{"allow":["GET"]}}],"collection":[{"href":"https:\/\/ccdfocsani.ro\/index.php\/wp-json\/wp\/v2\/pages"}],"about":[{"href":"https:\/\/ccdfocsani.ro\/index.php\/wp-json\/wp\/v2\/types\/page"}],"author":[{"embeddable":true,"href":"https:\/\/ccdfocsani.ro\/index.php\/wp-json\/wp\/v2\/users\/2"}],"replies":[{"embeddable":true,"href":"https:\/\/ccdfocsani.ro\/index.php\/wp-json\/wp\/v2\/comments?post=1034"}],"version-history":[{"count":27,"href":"https:\/\/ccdfocsani.ro\/index.php\/wp-json\/wp\/v2\/pages\/1034\/revisions"}],"predecessor-version":[{"id":1097,"href":"https:\/\/ccdfocsani.ro\/index.php\/wp-json\/wp\/v2\/pages\/1034\/revisions\/1097"}],"wp:attachment":[{"href":"https:\/\/ccdfocsani.ro\/index.php\/wp-json\/wp\/v2\/media?parent=1034"}],"curies":[{"name":"wp","href":"https:\/\/api.w.org\/{rel}","templated":true}]}}